{"id":10398,"date":"2018-06-07T09:37:33","date_gmt":"2018-06-07T08:37:33","guid":{"rendered":"https:\/\/www.sklizeno.cz\/o-nas\/?page_id=10398"},"modified":"2018-06-08T09:42:43","modified_gmt":"2018-06-08T08:42:43","slug":"omfg","status":"publish","type":"page","link":"https:\/\/www.sklizeno.cz\/o-nas\/omfg\/","title":{"rendered":"OMFG! Dva ro\u010dn\u00edky za jedine\u010dnou cenu. A&nbsp;k&nbsp;tomu sout\u011b\u017e!"},"content":{"rendered":"<div class=\"box\">\n<p><img class=\"wp-image-10435\" style=\"float: right;\" src=\"https:\/\/www.sklizeno.cz\/o-nas\/wp-content\/uploads\/2018\/06\/gin_tonic_orez-1.jpg\" alt=\"\" width=\"500\" \/><\/p>\n<div class=\"text\" style=\"margin-right: 570px;\">\n<p>V souvislosti se Sv\u011btov\u00fdm dnem ginu, kter\u00fd p\u0159ipad\u00e1 na sobotu 9. \u010dervna, jsme si pro v\u00e1s p\u0159ipravili speci\u00e1ln\u00ed nab\u00eddku limitovan\u00e9 edice vyhl\u00e1\u0161en\u00e9ho ginu OMFG z\u00a0rodinn\u00e9ho lihovaru \u017duf\u00e1nek,\u00a0a to hned dva ro\u010dn\u00edky dohromady! Znalci to v\u011bd\u00ed, ale ostatn\u00edm to rad\u011bji nap\u00ed\u0161eme \u2013 ob\u011b limitovan\u00e9 edice jsou v \u010desk\u00fdch obchodech rozebr\u00e1ny, vyprod\u00e1ny a u\u017e nikdy, NIKDY\u00a0nebudou k m\u00e1n\u00ed.<\/p>\n<p>A je\u0161t\u011b jedna zpr\u00e1va, kter\u00e1 v\u00e1s pot\u011b\u0161\u00ed: ob\u011b lahvinky z\u00edsk\u00e1te za opravdu v\u00fdjime\u010dnou cenu <strong>2 500 K\u010d<\/strong>. Na to lze \u0159\u00edct jedin\u00e9:<\/p>\n<h4>&#8222;OMFG!!! Zbl\u00e1znili jste se?!&#8220;<\/h4>\n<p>Ne, prost\u011b jsme si \u0159ekli, \u017ee v\u00e1m ud\u011bl\u00e1me radost.<br \/>\nZakoup\u00edte je pouze v na\u0161em e-shopu. M\u00e1me velmi<strong> omezen\u00e9 mno\u017estv\u00ed 50 kus\u016f<\/strong>, tak\u017ee rad\u011bji moc nev\u00e1hejte.<\/p>\n<\/div>\n<div class=\"box\">\n<div class=\"text\">\n<h2>Co je to OMFG?<\/h2>\n<p>OMFG je\u00a0sb\u011bratelsk\u00e1\u00a0a notn\u011b\u00a0limitovan\u00e1 edice\u00a0prvn\u00edho \u010desk\u00e9ho rukod\u011bln\u011b destilovan\u00e9ho ginu OMG, kter\u00fd vyr\u00e1b\u00ed Martin \u017duf\u00e1nek v rodinn\u00e9m <a class=\"alignleft size-large wp-image-10402\" href=\"https:\/\/www.sklizeno.cz\/destilaty-a-likery-c546?producer=%C5%BDUSY%20s.r.o.\">Lihovaru \u017duf\u00e1nek<\/a> v podh\u016f\u0159\u00ed B\u00edl\u00fdch Karpat v Bor\u0161ic\u00edch u Blatnice.<\/p>\n<p>Z\u00e1klad OMFG tvo\u0159\u00ed stejn\u00fd recept jako u klasick\u00e9ho \u017duf\u00e1nkovic ginu OMG (Oh My Gin), jen je\u00a0p\u0159id\u00e1no n\u011bco extra. To &#8222;extra&#8220; je ka\u017ed\u00fd rok jin\u00e9\u00a0a\u00a0nikdy se nebude opakovat. Ka\u017ed\u00fd ro\u010dn\u00edk je jedine\u010dn\u00fd a slou\u017e\u00ed jako pod\u011bkov\u00e1n\u00ed na\u0161im v\u011brn\u00fdm z\u00e1kazn\u00edk\u016fm a fanou\u0161k\u016fm. Mno\u017estv\u00ed lahv\u00ed je 600 pro \u010cR a 600 pro zahrani\u010d\u00ed.<\/p>\n<p>&nbsp;<\/p>\n<\/div>\n<\/div>\n<div class=\"box\">\n<div class=\"perex-product\">\n<div class=\"clearer\"><\/div>\n<div class=\"box\"><\/div>\n<p><img class=\"wp-image-10435\" style=\"float: left;\" src=\"https:\/\/www.sklizeno.cz\/o-nas\/wp-content\/uploads\/2018\/06\/omg-632x632.png\" alt=\"\" width=\"500\" \/><\/p>\n<div class=\"text\" style=\"margin-left: 570px;\">\n<h2>OMFG\u00a02017<\/h2>\n<h3><strong>Extra:\u00a0<\/strong><\/h3>\n<p><strong>\u0160anta ko\u010di\u010d\u00ed\u00a0<\/strong><\/p>\n<p>\u0160anta ko\u010di\u010d\u00ed je obl\u00edben\u00e1 hlavn\u011b u na\u0161ich \u010dty\u0159noh\u00fdch p\u0159\u00e1tel. D\u00edky sv\u00fdm schopnostem dok\u00e1\u017ee uvolnit svaly a navodit\u00a0p\u0159\u00edjemn\u00fd pocit relaxace.<\/p>\n<p>Na ko\u010dky \u0161anta p\u016fsob\u00ed euforicky, a kdy\u017e s n\u00ed p\u0159ijdou do konktaktu, za\u010dnou se v n\u00ed ihned v\u00e1let. I proto se j\u00ed \u0159\u00edk\u00e1 ko\u010di\u010d\u00ed kokain.<\/p>\n<p>Na \u010dlov\u011bka \u0161anta nep\u016fsob\u00ed tak siln\u011b, ale pro\u010d bychom se i my nemohli c\u00edtit euforicky?<\/p>\n<\/div>\n<\/div>\n<\/div>\n<p>&nbsp;<\/p>\n<p>&nbsp;<\/p>\n<div class=\"box\">\n<div class=\"perex-product\">\n<div class=\"clearer\"><\/div>\n<div class=\"box\"><\/div>\n<p><img class=\"wp-image-10435\" style=\"float: right;\" src=\"https:\/\/www.sklizeno.cz\/o-nas\/wp-content\/uploads\/2018\/06\/OMFG-Oh-My-Finest-Gin-0-5L-Edition-2015-902685_b_0-632x632.jpg\" alt=\"\" width=\"500\" \/><\/p>\n<div class=\"text\" style=\"margin-right: 570px;\">\n<h2><strong>OMFG\u00a02018<\/strong><\/h2>\n<h3><strong>Extra:<\/strong><\/h3>\n<p><strong>Bourbonsk\u00fd pep\u0159<\/strong><\/p>\n<p>Voatsiperifery je neuv\u011b\u0159iteln\u011b vz\u00e1cn\u00fd divok\u00fd pep\u0159 rostouc\u00ed pouze v tepl\u00fdch a vlhk\u00fdch jihov\u00fdchodn\u00edch de\u0161tn\u00fdch prales\u00edch na Madagaskaru.<\/p>\n<p>Sb\u011br je extr\u00e9mn\u011b n\u00e1ro\u010dn\u00fd, co\u017e se odr\u00e1\u017e\u00ed na velikosti produkce \u2013 pouh\u00fdch 1500 kg ro\u010dn\u011b. A samoz\u0159ejm\u011b taky na cen\u011b&#8230;Lihovar \u017duf\u00e1nek tak s hrdost\u00ed uv\u00e1d\u00ed, \u017ee na p\u0159\u00edpravu leto\u0161n\u00edho OMFG spot\u0159eboval 1 % z celosv\u011btov\u00e9 produkce.<\/p>\n<p>Voatsiperifery m\u00e1 n\u00e1dhernou a omamnou v\u016fni plnou citrus\u016f a divok\u00fdch kv\u011bt\u016f. A ta se cel\u00e1 odrazila i v chuti a v\u016fni OMFG 2018.<\/p>\n<p>&nbsp;<\/p>\n<\/div>\n<div class=\"clearer\"><\/div>\n<div class=\"box\">\n<p style=\"text-align: center;\"><a class=\"red button\" href=\" https:\/\/www.sklizeno.cz\/omfg-gin-0-5-l-2017-omfg-gin-0-5-l-2018-pN0200446\">CHCI OMFG 2017+2018<\/a><\/p>\n<\/div>\n<\/div>\n<\/div>\n<\/div>\n<p>&nbsp;<\/p>\n<p>&nbsp;<\/p>\n<hr \/>\n<p>&nbsp;<\/p>\n<div class=\"box\">\n<div class=\"box\">\n<div class=\"perex-product\">\n<div class=\"box\">\n<h2>VELK\u00c1 GINOV\u00c1 SOUT\u011a\u017d<\/h2>\n<p>Sout\u011b\u017ete s n\u00e1mi a vyhrajte jeden komplet OMFG ginu 2017 a 2018 a n\u00e1davkem k n\u011bmu v\u00fdlet do Lihovaru \u017duf\u00e1nek v Bor\u0161ic\u00edch u Blatnice, kde v\u00e1s v dohodnut\u00e9m term\u00ednu osobn\u011b provede Martin \u017duf\u00e1nek. Sta\u010d\u00ed spr\u00e1vn\u011b zodpov\u011bd\u011bt sadu ot\u00e1zek, kter\u00e9 pro tuto sout\u011b\u017e speci\u00e1ln\u011b vymyslel.<\/p>\n<h3>Sout\u011b\u017en\u00ed ot\u00e1zky:<\/h3>\n<p>1. Jak se jmenoval doktor, s jeho\u017e jm\u00e9nem se poj\u00ed vznik ginu v t\u00e9 podob\u011b, jak ho dnes zn\u00e1me?<br \/>\n2. Jak \u0159\u00edkali angli\u010dt\u00ed voj\u00e1ci ginu, kdy\u017e ho b\u011bhem t\u0159icetilet\u00e9 v\u00e1lky poprv\u00e9 poznali?<br \/>\n3. V kter\u00e9m m\u011bs\u00edci a roce byl poprv\u00e9 vydestilovan\u00fd OMG gin?<br \/>\n4. V\u00edte, jak se m\u011bl p\u016fvodn\u011b OMG jmenovat? (Byl to sice n\u00e1zav pro prototyp, ale po\u010d\u00edtalo se s t\u00edm n\u00e1zvem i do ostr\u00e9 v\u00fdroby. Ne\u017e do\u0161lo ke zm\u011bn\u011b na OMG.)<br \/>\n5. Co znamen\u00e1 p\u00edsmeno F v OMFG zkratce?<br \/>\n6. Jak\u00e1 extra bylina byla pou\u017eita v OMFG 2017 a 2018?<br \/>\n7. V\u00edte, na jak\u00e9m m\u00edst\u011b se prod\u00e1val v\u016fbec prvn\u00ed sto\u010den\u00fd OMG? Bylo to 29. 12. 2013 a t\u00edm m\u00edstem bylo\u2026?<br \/>\n8. Tipovac\u00ed ot\u00e1zka: Za kolik hodin Sklizeno vyprod\u00e1 v\u0161ech 49 bal\u00ed\u010dk\u016f OMFG 2017+2018?<\/p>\n<p>Sv\u00e9 odpov\u011bdi pos\u00edlejte na\u00a0e-mail <a href=\"mailto:soutez@sklizeno.cz\">soutez@sklizeno.cz<\/a>. Do p\u0159edm\u011btu napi\u0161te:\u00a0VELK\u00c1 GINOV\u00c1 SOUT\u011a\u017d.\u00a0O v\u00edt\u011bzi rozhoduje spr\u00e1vnost odpov\u011bd\u00ed, p\u0159esnost odpov\u011bdi na tipovac\u00ed ot\u00e1zku a (v p\u0159\u00edpad\u011b v\u00edce stejn\u011b p\u0159esn\u00fdch odpov\u011bd\u00ed na tipovac\u00ed ot\u00e1zku) \u010das odesl\u00e1n\u00ed odpov\u011bd\u00ed \u2013 rychlej\u0161\u00ed vyhr\u00e1v\u00e1. Podrobn\u00e1 pravidla jsou uvedena n\u00ed\u017ee.<\/p>\n<h3><\/h3>\n<h3>Pravidla sout\u011b\u017ee \u201eO \u017duf\u00e1nk\u016fv komplet OMFG \u201c<\/h3>\n<ol>\n<li>Za\u0161lete n\u00e1m\u00a0spr\u00e1vn\u00e9 odpov\u011bdi na e-mail soutez@sklizeno.cz s p\u0159edm\u011btem VELK\u00c1 GINOV\u00c1 SOUT\u011a\u017d.<\/li>\n<li>Sout\u011b\u017e\u00edc\u00ed mus\u00ed nejpozd\u011bji v posledn\u00ed den sout\u011b\u017ee dos\u00e1hnout v\u011bku 18 let.<\/li>\n<\/ol>\n<h3><strong>Kdy m\u016f\u017eete sout\u011b\u017eit?<\/strong><\/h3>\n<ul>\n<li>Odpov\u011bdi na sout\u011b\u017en\u00ed ot\u00e1zky m\u016f\u017eete pos\u00edlat od\u00a08. 6. do 30. 6. 2018.<\/li>\n<\/ul>\n<h3><strong>Kdy a jak se dozv\u00edte, zda jste vyhr\u00e1li?<\/strong><\/h3>\n<ul>\n<li>V\u00edt\u011bze budeme kontaktovat prost\u0159ednictv\u00edm e-mailu nejpozd\u011bji 4. \u010dervence.<\/li>\n<li>Po\u0159adatel spln\u00ed svou povinnost vydat V\u00fdherci v\u00fdhru jej\u00edm p\u0159ed\u00e1n\u00edm, a to osobn\u011b v\u00a0provozovn\u011b Po\u0159adatele, konkr\u00e9tn\u011b\u00a0v\u00a0prodejn\u011b Sklizeno Chodov v\u00a0Praze\u00a0nebo\u00a0Sklizeno Va\u0148kovka v Brn\u011b, a to\u00a015. 7. 2018, p\u0159\u00edpadn\u011b individu\u00e1ln\u011b za\u0161le na adresu po\u0161tou\/p\u0159epravn\u00ed spole\u010dnost\u00ed.<\/li>\n<li>Po\u0159adatel je povinen informovat V\u00fdherce o skute\u010dnosti, \u017ee se stal V\u00fdhercem, 4.\u00a07. 2018, a to prost\u0159ednictv\u00edm e-mailu.<\/li>\n<li><strong>Po\u0159adatelem sout\u011b\u017ee je MyFoodMarket, s.r.o. se s\u00eddlem B\u0159ezina 103, 666 01 B\u0159ezina (I\u010c: 29282721, DI\u010c: CZ29282721). Webov\u00fd server po\u0159adatele: www.sklizeno.cz\u00a0<\/strong><\/li>\n<li>V p\u0159\u00edpad\u011b podez\u0159en\u00ed na poru\u0161en\u00ed pravidel si vyhrazujeme pr\u00e1vo vylou\u010dit \u00fa\u010dastn\u00edka ze sout\u011b\u017ee.<\/li>\n<li>Ve\u0161ker\u00e1 data z\u00edskan\u00e1 od Sout\u011b\u017e\u00edc\u00edho jsou pova\u017eov\u00e1na za jeho osobn\u00ed a vztahuje se na n\u011b ochrana podle z\u00e1kona \u010d. 101\/2000 Sb. o ochran\u011b osobn\u00edch \u00fadaj\u016f. Sout\u011b\u017e\u00edc\u00ed potvrzuje, \u017ee je srozum\u011bn zejm\u00e9na s t\u00edm, \u017ee poskytnut\u00ed \u00fadaj\u016f je dobrovoln\u00e9 a \u017ee m\u00e1 pr\u00e1vo na p\u0159\u00edstup k nim.<\/li>\n<li>Po\u0159adatel se zavazuje, \u017ee osobn\u00ed \u00fadaje Sout\u011b\u017e\u00edc\u00edch nebudou p\u0159ed\u00e1v\u00e1ny \u017e\u00e1dn\u00e9 t\u0159et\u00ed osob\u011b.<\/li>\n<\/ul>\n<p style=\"text-align: center;\">\n<\/div>\n<\/div>\n<\/div>\n<\/div>\n","protected":false},"excerpt":{"rendered":"<p>V souvislosti se Sv\u011btov\u00fdm dnem ginu, kter\u00fd p\u0159ipad\u00e1 na sobotu 9. \u010dervna, jsme si pro v\u00e1s p\u0159ipravili speci\u00e1ln\u00ed nab\u00eddku limitovan\u00e9 edice vyhl\u00e1\u0161en\u00e9ho ginu OMFG z\u00a0rodinn\u00e9ho lihovaru \u017duf\u00e1nek,\u00a0a to hned dva ro\u010dn\u00edky dohromady! Znalci to v\u011bd\u00ed, ale ostatn\u00edm to rad\u011bji nap\u00ed\u0161eme \u2013 ob\u011b limitovan\u00e9 edice jsou v \u010desk\u00fdch obchodech rozebr\u00e1ny, vyprod\u00e1ny a u\u017e nikdy, NIKDY\u00a0nebudou k [&hellip;]<\/p>\n","protected":false},"author":27,"featured_media":0,"parent":0,"menu_order":30,"comment_status":"closed","ping_status":"closed","template":"","meta":[],"_links":{"self":[{"href":"https:\/\/www.sklizeno.cz\/o-nas\/wp-json\/wp\/v2\/pages\/10398"}],"collection":[{"href":"https:\/\/www.sklizeno.cz\/o-nas\/wp-json\/wp\/v2\/pages"}],"about":[{"href":"https:\/\/www.sklizeno.cz\/o-nas\/wp-json\/wp\/v2\/types\/page"}],"author":[{"embeddable":true,"href":"https:\/\/www.sklizeno.cz\/o-nas\/wp-json\/wp\/v2\/users\/27"}],"replies":[{"embeddable":true,"href":"https:\/\/www.sklizeno.cz\/o-nas\/wp-json\/wp\/v2\/comments?post=10398"}],"version-history":[{"count":107,"href":"https:\/\/www.sklizeno.cz\/o-nas\/wp-json\/wp\/v2\/pages\/10398\/revisions"}],"predecessor-version":[{"id":10525,"href":"https:\/\/www.sklizeno.cz\/o-nas\/wp-json\/wp\/v2\/pages\/10398\/revisions\/10525"}],"wp:attachment":[{"href":"https:\/\/www.sklizeno.cz\/o-nas\/wp-json\/wp\/v2\/media?parent=10398"}],"curies":[{"name":"wp","href":"https:\/\/api.w.org\/{rel}","templated":true}]}}